{"id":7,"date":"2010-02-04T00:43:37","date_gmt":"2010-02-03T23:43:37","guid":{"rendered":"http:\/\/www.sv-b.de\/?page_id=7"},"modified":"2025-12-07T18:33:13","modified_gmt":"2025-12-07T17:33:13","slug":"aufnahmeantrag","status":"publish","type":"page","link":"https:\/\/www.sv-b.de\/?page_id=7","title":{"rendered":"Mitgliedschaft"},"content":{"rendered":"<p>Die SV Bedburg-Hau hat sich in den letzten Jahren um einen stabilen und familienfreundlichen Beitrag bem\u00fcht. Mit 10,00\u20ac f\u00fcr Erwachsene und 8,00\u20ac f\u00fcr Kinder und Jugendliche liegen wir eher im unteren Drittel der Skala vergleichbarer Vereine. Der erm\u00e4\u00dfigte Beitrag f\u00fcr Erwachsene ab dem 60. Lebensjahr liegt ebenfalls bei 8,00\u20ac pro Monat.<\/p>\n<p>Weiterhin ist bei uns mit einer Mitgliedschaft auch mehrfaches Sporttreiben m\u00f6glich, d. h. f\u00fcr einen Beitrag kann man sich bspw. beim Tischtennis und beim Fu\u00dfball anmelden und beide Sportarten parallel betreiben.<\/p>\n<p>Jedes Vereinsmitglied bzw. der gesetzliche Vertreter hat mit Einreichung seines Aufnahmeantrages die Vereinssatzung anerkannt. Die aktuelle Satzung, k\u00f6nnen Sie <a href=\"https:\/\/www.sv-b.de\/?page_id=11\">hier<\/a> einsehen und bei Bedarf auch ausdrucken.<\/p>\n<p>Als &#8222;Familienbeitrag&#8220; gilt die Regelung, dass das 4. (und jedes weitere) Mitglied einer Familie auf Antrag beitragsfrei gestellt werden kann. Es zahlen also immer nur maximal drei Familienmitglieder ihren Beitrag an die SV Bedburg-Hau.<\/p>\n<p>Bei Fragen zu ihrem Mitgliedsbeitrag oder zum Verfahren der Abbuchung pp. wenden Sie sich bitte an den Hauptgesch\u00e4ftsf\u00fchrer, Svetislav Stefanovic (Kontaktdaten siehe unten). Anschriften\u00e4nderungen etc. teilen Sie bitte auch dem Verein mit.<\/p>\n<p><a href=\"https:\/\/www.sv-b.de\/wp-content\/uploads\/2023\/06\/Aushang_Beitragsanpassung_2024.pdf\">Aushang_Beitragsanpassung_2024\u00a0<\/a><\/p>\n<h2 style=\"text-align: center;\">Beitragsklassen und Beitragsh\u00f6hen<\/h2>\n<p>&#8211; 01 Kinder und Jugendliche bis 18 Jahren &#8211; 8,&#8211; \u20ac \/ Monat<\/p>\n<p>&#8211; 02 Erwachsene ab 18 Jahre &#8211; 10,&#8211; \u20ac \/ Monat<\/p>\n<p>&#8211; 03 Erwachsene ab 60 Jahre &#8211; 8,&#8211; \u20ac \/ Monat<\/p>\n<p>&#8211; 04 Beachvolleyball (ab 14 Jahre) *<sup>1 <\/sup>\u00a0&#8211; 60,&#8211; \u20ac \/ Jahr<\/p>\n<p>&#8211; 05 Ehrenmitglieder &#8211; Beitragsfrei<\/p>\n<p>&#8211; 06 Familienmitglieder ab dem 4ten Mitglied *<sup>2 <\/sup>&#8211; Beitragsfrei<\/p>\n<p><em>*1 Die Beitragsklasse 04 erlaubt es dem Mitglied, ausschlie\u00dflich die Beachvolleyballanlage auf der Anton-Riepe-Sportst\u00e4tte f\u00fcr die Saison von April bis September zu nutzen. Die Mitgliedschaft gilt immer f\u00fcr ein Kalenderjahr und verl\u00e4ngert sich automatisch um ein weiteres Jahr, sofern nicht mit einer Frist 1 Monat vor Jahresende, gek\u00fcndigt wird. Weitere Sportarten k\u00f6nnen nur nach \u00dcbertritt in eine der regul\u00e4ren Sportabteilungen ausge\u00fcbt werden. Der \u00dcbertritt ist einem Mitglied des Hauptvorstands anzuzeigen.<\/em><br \/><em>*2 F\u00fcr die Beitragsklasse 06 gilt ab dem 4. Vereinsmitglied einer Familie besteht Beitragsfreiheit, sofern das 3. und weitere Mitglieder der Familie Kinder oder Jugendliche bis 18 Jahre sind.<\/em><\/p>\n<h2 style=\"text-align: center;\">Mitgliedsantrag<\/h2>\n<p>Bitte verwendet unser neues Online Anmeldeformular f\u00fcr Euren Antrag auf Mitgliedschaft. Sobald die Mitgliedschaft eingetragen wurde, erhaltet Ihr eine schriftliche Anmeldebest\u00e4tigung nochmal mit all Euren Daten. Solltet Ihr nach 4 Wochen keine R\u00fcckmeldung erhalten haben, oder solltet Ihr Eure Daten korrigieren wollen, so wendet Euch bitte per Mail an <a href=\"mailto:info@sv-b.de\">info@sv-b.de<\/a>.<\/p>\n<p><strong><span style=\"color: #ff0000;\">DIGITALE<\/span> ONLINE-ANMELDEFORMULAR<\/strong><\/p>\n<p style=\"text-align: center;\"><a href=\"https:\/\/www.sv-b.de\/?page_id=4356\">Online Anmeldeformular<\/a><\/p>\n<p><strong><span style=\"color: #ff0000;\">DIGITALE<\/span> ONLINE-VERSION ZUM DIGITALEN VERSAND PER E-MAIL:<\/strong><\/p>\n<p style=\"text-align: center;\"><a href=\"https:\/\/www.sv-b.de\/wp-content\/uploads\/2023\/12\/Aufnahmeantrag_Formular_2024.pdf\" target=\"_blank\" rel=\"noopener\">Digitaler_Aufnahmeantrag<\/a><\/p>\n<p>Die digitale Version bitte an folgende E-Mail Adresse versenden &#8211; Mailto: <a href=\"mailto:svetislav.stefanovic@sv-b.de\">svetislav.stefanovic@sv-b.de<\/a><\/p>\n<p><strong><span style=\"color: #ff0000;\">DRUCKBARE<\/span> VERSION ZUM VERSAND PER POST:<\/strong><\/p>\n<p style=\"text-align: center;\"><a href=\"https:\/\/www.sv-b.de\/wp-content\/uploads\/2023\/12\/Aufnahmeantrag_Druck_2024.pdf\" target=\"_blank\" rel=\"noopener\">Druckbarer_Aufnahmeantrag<\/a><\/p>\n<p>Die ausgedruckte Version bitte an folgenden Empf\u00e4nger versenden:<\/p>\n<p>SV 1923\/27 e.V. Bedburg-Hau<br \/>Herrn Svetislav Stefanovic<br \/>Johannesstr. 16<\/p>\n<p>47551 Bedburg-Hau<\/p>\n<h2 style=\"text-align: center;\">Einverst\u00e4ndniserkl\u00e4rung Foto- und Videoaufnahmen<\/h2>\n<p>Die folgende Einverst\u00e4ndniserkl\u00e4rung ist notwendig, damit wir Fotos und Videoaufnahmen von unseren Vereinsmitgliedern auf den g\u00e4ngigen Socialmedia Plattformen (Instagram, Facebook, WhatsApp) und in unserem gedruckten Vereinsheft ver\u00f6ffentlichen d\u00fcrfen.<\/p>\n<p style=\"text-align: center;\"><a href=\"https:\/\/www.sv-b.de\/wp-content\/uploads\/2021\/07\/Datenschutzerlaerung.pdf\">Einverst\u00e4ndniserkl\u00e4rung_Foto_Video<\/a><\/p>\n<h2 style=\"text-align: center;\">Spielberechtigung Fu\u00dfball<\/h2>\n<p>F\u00fcr die Teilnahme am Spielbetrieb in der Fu\u00dfballabteilung, ist eine Erteilung der Spielberechtigung durch den Westdeutschen Fu\u00dfball- und Leichtathletik Verband erforderlich. Das folgende Dokument ist separat vom Mitgliedsantrag auszuf\u00fcllen und durch die zust\u00e4ndigen Gemeinde- \/ Stadtverwaltung zu best\u00e4tigen. Der best\u00e4tigte Antrag kann dem zust\u00e4ndigen Trainer oder der Fu\u00dfballabteilung \u00fcbergeben werden.<\/p>\n<p style=\"text-align: center;\"><a href=\"https:\/\/www.sv-b.de\/wp-content\/uploads\/2023\/12\/spielberechtigungsantrag.pdf\" target=\"_blank\" rel=\"noopener\">WFLV Antrag auf Spielberechtigung<\/a><\/p>\n\n\n<h2 class=\"wp-block-heading has-text-align-center\">K\u00dcNDIGUNG<\/h2>\n\n\n\n<p>F\u00fcr den Fall, dass Sie Ihre Vereinsmitgliedschaft k\u00fcndigen m\u00f6chten, bitten wir um K\u00fcndigung in Textform bis max. 4 Wochen vor Quartalsende. Diese richten Sie ebenfalls an den Hauptgesch\u00e4ftsf\u00fchrer:<\/p>\n\n\n\n<p>SV 1923\/27 e.V. Bedburg-Hau<br>Herrn Svetislav Stefanovic<br>Johannesstr. 16<\/p>\n\n\n\n<p>47551 Bedburg-Hau<\/p>\n\n\n\n<p>Mailto: <a href=\"mailto:svetislav.stefanovic@sv-b.de\">svetislav.stefanovic@sv-b.de<\/a><\/p>\n\n\n\n<p>Wir m\u00f6chten noch einmal ausdr\u00fccklich darauf hinweisen, dass eine, gg\u00fc. Trainern, Betreuer oder Abteilungsleitern der Fachabteilungen ausgesprochene K\u00fcndigung, NICHT akzeptiert werden kann!<\/p>\n\n\n\n<p>Des Weiteren kommt es gerade bei der Beendigung der Spielberechtigung der Fu\u00dfballer ab und an zu Missverst\u00e4ndnissen. Die Abmeldung vom Spielbetrieb beim Fu\u00dfballverband durch Vertreter der Fu\u00dfballabteilung ist NICHT gleichbedeutend mit einer K\u00fcndigung der Vereinsmitgliedschaft. Diese muss schriftlich und ausdr\u00fccklich wie oben beschrieben gg\u00fc. dem <strong>gesch\u00e4ftsf\u00fchrenden Vorstand<\/strong> erfolgen!<\/p>\n\n\n\n<p><\/p>\n","protected":false},"excerpt":{"rendered":"<p>Die SV Bedburg-Hau hat sich in den letzten Jahren um einen stabilen und familienfreundlichen Beitrag [&hellip;]<\/p>\n","protected":false},"author":1,"featured_media":3746,"parent":0,"menu_order":0,"comment_status":"closed","ping_status":"open","template":"","meta":{"footnotes":""},"class_list":["post-7","page","type-page","status-publish","has-post-thumbnail","hentry"],"_links":{"self":[{"href":"https:\/\/www.sv-b.de\/index.php?rest_route=\/wp\/v2\/pages\/7","targetHints":{"allow":["GET"]}}],"collection":[{"href":"https:\/\/www.sv-b.de\/index.php?rest_route=\/wp\/v2\/pages"}],"about":[{"href":"https:\/\/www.sv-b.de\/index.php?rest_route=\/wp\/v2\/types\/page"}],"author":[{"embeddable":true,"href":"https:\/\/www.sv-b.de\/index.php?rest_route=\/wp\/v2\/users\/1"}],"replies":[{"embeddable":true,"href":"https:\/\/www.sv-b.de\/index.php?rest_route=%2Fwp%2Fv2%2Fcomments&post=7"}],"version-history":[{"count":53,"href":"https:\/\/www.sv-b.de\/index.php?rest_route=\/wp\/v2\/pages\/7\/revisions"}],"predecessor-version":[{"id":4383,"href":"https:\/\/www.sv-b.de\/index.php?rest_route=\/wp\/v2\/pages\/7\/revisions\/4383"}],"wp:featuredmedia":[{"embeddable":true,"href":"https:\/\/www.sv-b.de\/index.php?rest_route=\/wp\/v2\/media\/3746"}],"wp:attachment":[{"href":"https:\/\/www.sv-b.de\/index.php?rest_route=%2Fwp%2Fv2%2Fmedia&parent=7"}],"curies":[{"name":"wp","href":"https:\/\/api.w.org\/{rel}","templated":true}]}}