{"id":3529,"date":"2024-09-17T15:23:01","date_gmt":"2024-09-17T14:23:01","guid":{"rendered":"https:\/\/www.sv-b.de\/?page_id=3529"},"modified":"2024-11-11T12:25:22","modified_gmt":"2024-11-11T11:25:22","slug":"fussballjunioren","status":"publish","type":"page","link":"https:\/\/www.sv-b.de\/?page_id=3529","title":{"rendered":"Fu\u00dfballjunioren"},"content":{"rendered":"\n<p>Unsere Fu\u00dfball-Juniorenabteilung umfasst seit der Saison 2017\/2018 in allen Altersklassen von den Bambini (G-Jugend) bis zur A-Jugend mindestens eine Mannschaft. Von den D- bis A-Junioren bilden wir eine Spielgemeinschaft mit der SGE 05 Bedburg-Hau und spielen durchg\u00e4ngig in der Kreisleistungsklasse.&nbsp;<\/p>\n\n\n\n<p>Die Trainer und Betreuer, die \u00fcberwiegend das Kindertrainer Zertifikat des DFB besitzen, arbeiten erlebnis- statt ergebnisorientiert. Das hei\u00dft nat\u00fcrlich nicht, dass wir nicht auch gerne Spiele gewinnen, jedoch sollen sich bei uns gerade die Kleinsten ohne Druck und taktische Zw\u00e4nge fu\u00dfballerisch entwickeln k\u00f6nnen.<\/p>\n\n\n\n<p><strong>Unsere Philosophie: Individuelle F\u00f6rderung<br><\/strong><br>Seit der Saison 2011\/2012 werden alle Mannschaften ab den F-Junioren nach Spielst\u00e4rke eingeteilt. Ziel ist es, m\u00f6glichst homogene Teams zu schaffen. Nur so kann jedes einzelne Kind nach seinem individuellen Leistungsverm\u00f6gen gef\u00f6rdert werden. Es soll somit vermieden werden, dass Kinder in einer Mannschaft \u00fcber- oder unterfordert sind. \u00dcberforderung hat Frust zu Folge, w\u00e4hrend Unterforderung zu Langeweile f\u00fchrt. Beides hemmt die Motivation und den Spa\u00df und somit die Lernf\u00e4higkeit der Kinder. In der Vergangenheit war es fast unm\u00f6glich das Training so zu gestalten, dass niemand \u00fcber- oder unterfordert wurde, da das Leistungsspektrum in einer Mannschaft h\u00e4ufig sehr unterschiedlich war.&nbsp;<\/p>\n\n\n\n<p>Seit vielen Jahren richten wir im Juni\/Juli den beliebten Ecke-Sch\u00fcller-Cup aus, sowie im Winter den Dietmar-M\u00fcller-Hallen-Cup. Weitere Veranstaltungen wie z.B. Osterfeuer, Kinderfeste, Ausfl\u00fcge etc. runden unser Angebot ab.<\/p>\n\n\n\n<h2 class=\"wp-block-heading\">Kontakt zur Fu\u00dfballjugend:<\/h2>\n\n\n\n<p><strong>Jugendobmann Fu\u00dfball<\/strong><br>Jochen Verrieth<br>Reindershof 29, 47551 Bedburg-Hau<br>Mob.: 0151\/56144187<br>E-Mail:\u00a0<a href=\"verrieth@online.de\">verrieth@online.de<\/a><\/p>\n\n\n\n<p><strong>Stellv. Jugendobmann Fu\u00dfball<\/strong><br>Stefan Daams<br>E-Mail:&nbsp;<a href=\"mailto:stefan.daams@sv-b.de\">stefan.daams@sv-b.de<\/a><\/p>\n\n\n\n<h2 class=\"wp-block-heading\">Kontaktdaten Trainer Jugendmannschaften:<\/h2>\n\n\n\n<ul class=\"wp-block-list\">\n<li>Trainer A1: Daniel Kramer &#8211; 0151 70859418<\/li>\n\n\n\n<li>Trainer A2: Nicholas Driesen &#8211; 0172 4766460<\/li>\n\n\n\n<li>Trainer B1: Marco van Keuk &#8211; 0159 02646945<\/li>\n\n\n\n<li>Trainer B2: Mitchel van Zummeren &#8211; 0157 54439527<\/li>\n\n\n\n<li>Trainer C1: Robin Neuy &#8211; 0157 32537959<\/li>\n\n\n\n<li>Trainer C2: Dirk K\u00fchne &#8211; 0151-70158537<\/li>\n\n\n\n<li>Trainer D1: Lars Bouwmann &#8211; 0177 3467829<\/li>\n\n\n\n<li>Trainer D2: Sascha Dahmen &#8211; 0176 46007867<\/li>\n\n\n\n<li>Trainer D3: Josef Gossen &#8211; 01732316877<\/li>\n\n\n\n<li>Trainer D4: Joel Gierhold &#8211; 0179 1496243<\/li>\n\n\n\n<li>Trainer E1: Achim Pastoors &#8211; 0152 28806347<\/li>\n\n\n\n<li>Trainer E2: Winfried van der Grinten &#8211; 0160 91077831<\/li>\n\n\n\n<li>Trainer F1: Jens Willimzig &#8211; 0157 71339018<\/li>\n\n\n\n<li>Trainer F2: Daniel Jan\u00dfen &#8211; 015253744436<\/li>\n\n\n\n<li>Trainerin Bambini: Jule Siebers &#8211; 0157 3676616<\/li>\n<\/ul>\n\n\n<div class=\"wp-block-image\">\n<figure class=\"aligncenter size-full\"><img loading=\"lazy\" decoding=\"async\" width=\"732\" height=\"151\" src=\"https:\/\/www.sv-b.de\/wp-content\/uploads\/2024\/09\/Fussball_Jugend_Logo.jpg\" alt=\"\" class=\"wp-image-3535\" srcset=\"https:\/\/www.sv-b.de\/wp-content\/uploads\/2024\/09\/Fussball_Jugend_Logo.jpg 732w, https:\/\/www.sv-b.de\/wp-content\/uploads\/2024\/09\/Fussball_Jugend_Logo-300x62.jpg 300w\" sizes=\"auto, (max-width: 732px) 100vw, 732px\" \/><\/figure>\n<\/div>","protected":false},"excerpt":{"rendered":"<p>Unsere Fu\u00dfball-Juniorenabteilung umfasst seit der Saison 2017\/2018 in allen Altersklassen von den Bambini (G-Jugend) bis [&hellip;]<\/p>\n","protected":false},"author":11,"featured_media":0,"parent":0,"menu_order":0,"comment_status":"closed","ping_status":"closed","template":"","meta":{"footnotes":""},"class_list":["post-3529","page","type-page","status-publish","hentry"],"_links":{"self":[{"href":"https:\/\/www.sv-b.de\/index.php?rest_route=\/wp\/v2\/pages\/3529","targetHints":{"allow":["GET"]}}],"collection":[{"href":"https:\/\/www.sv-b.de\/index.php?rest_route=\/wp\/v2\/pages"}],"about":[{"href":"https:\/\/www.sv-b.de\/index.php?rest_route=\/wp\/v2\/types\/page"}],"author":[{"embeddable":true,"href":"https:\/\/www.sv-b.de\/index.php?rest_route=\/wp\/v2\/users\/11"}],"replies":[{"embeddable":true,"href":"https:\/\/www.sv-b.de\/index.php?rest_route=%2Fwp%2Fv2%2Fcomments&post=3529"}],"version-history":[{"count":4,"href":"https:\/\/www.sv-b.de\/index.php?rest_route=\/wp\/v2\/pages\/3529\/revisions"}],"predecessor-version":[{"id":4143,"href":"https:\/\/www.sv-b.de\/index.php?rest_route=\/wp\/v2\/pages\/3529\/revisions\/4143"}],"wp:attachment":[{"href":"https:\/\/www.sv-b.de\/index.php?rest_route=%2Fwp%2Fv2%2Fmedia&parent=3529"}],"curies":[{"name":"wp","href":"https:\/\/api.w.org\/{rel}","templated":true}]}}

Fußballjunioren

<p>Unsere Fußball-Juniorenabteilung umfasst seit der Saison 2017/2018 in allen Altersklassen von den Bambini (G-Jugend) bis zur A-Jugend mindestens eine Mannschaft. Von den D- bis A-Junioren bilden wir eine Spielgemeinschaft mit der SGE 05 Bedburg-Hau und spielen durchgängig in der Kreisleistungsklasse.&nbsp;</p>



<p>Die Trainer und Betreuer, die überwiegend das Kindertrainer Zertifikat des DFB besitzen, arbeiten erlebnis- statt ergebnisorientiert. Das heißt natürlich nicht, dass wir nicht auch gerne Spiele gewinnen, jedoch sollen sich bei uns gerade die Kleinsten ohne Druck und taktische Zwänge fußballerisch entwickeln können.</p>



<p><strong>Unsere Philosophie: Individuelle Förderung<br></strong><br>Seit der Saison 2011/2012 werden alle Mannschaften ab den F-Junioren nach Spielstärke eingeteilt. Ziel ist es, möglichst homogene Teams zu schaffen. Nur so kann jedes einzelne Kind nach seinem individuellen Leistungsvermögen gefördert werden. Es soll somit vermieden werden, dass Kinder in einer Mannschaft über- oder unterfordert sind. Überforderung hat Frust zu Folge, während Unterforderung zu Langeweile führt. Beides hemmt die Motivation und den Spaß und somit die Lernfähigkeit der Kinder. In der Vergangenheit war es fast unmöglich das Training so zu gestalten, dass niemand über- oder unterfordert wurde, da das Leistungsspektrum in einer Mannschaft häufig sehr unterschiedlich war.&nbsp;</p>



<p>Seit vielen Jahren richten wir im Juni/Juli den beliebten Ecke-Schüller-Cup aus, sowie im Winter den Dietmar-Müller-Hallen-Cup. Weitere Veranstaltungen wie z.B. Osterfeuer, Kinderfeste, Ausflüge etc. runden unser Angebot ab.</p>



<h2 class="wp-block-heading">Kontakt zur Fußballjugend:</h2>



<p><strong>Jugendobmann Fußball</strong><br>Jochen Verrieth<br>Reindershof 29, 47551 Bedburg-Hau<br>Mob.: 0151/56144187<br>E-Mail: <a href="verrieth@online.de">verrieth@online.de</a></p>



<p><strong>Stellv. Jugendobmann Fußball</strong><br>Stefan Daams<br>E-Mail:&nbsp;<a href="mailto:stefan.daams@sv-b.de">stefan.daams@sv-b.de</a></p>



<h2 class="wp-block-heading">Kontaktdaten Trainer Jugendmannschaften:</h2>



<ul class="wp-block-list">
<li>Trainer A1: Daniel Kramer &#8211; 0151 70859418</li>



<li>Trainer A2: Nicholas Driesen &#8211; 0172 4766460</li>



<li>Trainer B1: Marco van Keuk &#8211; 0159 02646945</li>



<li>Trainer B2: Mitchel van Zummeren &#8211; 0157 54439527</li>



<li>Trainer C1: Robin Neuy &#8211; 0157 32537959</li>



<li>Trainer C2: Dirk Kühne &#8211; 0151-70158537</li>



<li>Trainer D1: Lars Bouwmann &#8211; 0177 3467829</li>



<li>Trainer D2: Sascha Dahmen &#8211; 0176 46007867</li>



<li>Trainer D3: Josef Gossen &#8211; 01732316877</li>



<li>Trainer D4: Joel Gierhold &#8211; 0179 1496243</li>



<li>Trainer E1: Achim Pastoors &#8211; 0152 28806347</li>



<li>Trainer E2: Winfried van der Grinten &#8211; 0160 91077831</li>



<li>Trainer F1: Jens Willimzig &#8211; 0157 71339018</li>



<li>Trainer F2: Daniel Janßen &#8211; 015253744436</li>



<li>Trainerin Bambini: Jule Siebers &#8211; 0157 3676616</li>
</ul>


<div class="wp-block-image">
<figure class="aligncenter size-full"><img loading="lazy" decoding="async" width="732" height="151" src="https://www.sv-b.de/wp-content/uploads/2024/09/Fussball_Jugend_Logo.jpg" alt="" class="wp-image-3535" srcset="https://www.sv-b.de/wp-content/uploads/2024/09/Fussball_Jugend_Logo.jpg 732w, https://www.sv-b.de/wp-content/uploads/2024/09/Fussball_Jugend_Logo-300x62.jpg 300w" sizes="auto, (max-width: 732px) 100vw, 732px" /></figure>
</div>

<p>Unsere Fußball-Juniorenabteilung umfasst seit der Saison 2017/2018 in allen Altersklassen von den Bambini (G-Jugend) bis [&hellip;]</p>
