{"id":3338,"date":"2024-04-12T14:08:37","date_gmt":"2024-04-12T13:08:37","guid":{"rendered":"https:\/\/www.sv-b.de\/?page_id=3338"},"modified":"2025-07-14T19:10:24","modified_gmt":"2025-07-14T18:10:24","slug":"fussball-alte-herren","status":"publish","type":"page","link":"https:\/\/www.sv-b.de\/?page_id=3338","title":{"rendered":"Fu\u00dfball Alte Herren"},"content":{"rendered":"\n<p>Auf unserer Sportanlage an der Antoniterstra\u00dfe stehen uns ein moderner Kunst- sowie ein Naturrasenplatz zum Trainings- und Spielbetrieb. Sollten die \u00e4u\u00dferlichen Bedingungen es gar nicht zulassen, kann in der Schulturnhalle der St. Markus GS in Schneppenbaum trainiert werden.<\/p>\n\n\n\n<p>Die Alten Herren treffen sich \u00fcblicherweise 1 x in der Woche jeweils Dienstags um 19:00 zum Training. Des Weiteren messen wir uns in regelm\u00e4\u00dfigen Abst\u00e4nden mit benachbarten AH Mannschaften und auf AH Turnieren.<\/p>\n\n\n\n<p>Neuerdings gibt es auch eine \u00dc50-Mannschaft, welche gegen \u00dc50-Mannschaften benachbarter Vereine auf dem Kleinfeld spielt.<\/p>\n\n\n\n<p><strong>Spielkalender 2025<\/strong><\/p>\n\n\n\n<figure class=\"wp-block-table\"><table class=\"has-fixed-layout\"><tbody><tr><td><strong>Datum<\/strong><\/td><td><strong>Wochentag<\/strong><\/td><td><strong>Heim<\/strong><\/td><td><strong>Ausw\u00e4rts<\/strong><\/td><\/tr><tr><td>12.03.2025<\/td><td>Mittwoch<\/td><td>SSV Reichswalde<\/td><td>SV Bedburg-Hau<\/td><\/tr><tr><td>11.04.2025<\/td><td>Freitag<\/td><td>Keeken<\/td><td>SV Bedburg-Hau<\/td><\/tr><tr><td>06.05.2025<\/td><td>Dienstag<\/td><td>Rheinwacht Erfgen<\/td><td>SV Bedburg-Hau<\/td><\/tr><tr><td>09.05.2025<\/td><td>Freitag<\/td><td>Turnier<\/td><td>SV Keppeln<\/td><\/tr><tr><td>23.05.2025<\/td><td>Freitag<\/td><td>SV Bedburg-Hau<\/td><td>Spvgg Kessel<\/td><\/tr><tr><td>04.06.2025<\/td><td>Mittwoch<\/td><td>SV Bedburg-Hau<\/td><td>SSV Reichswalde<\/td><\/tr><tr><td>16.06.2025<\/td><td>Montag<\/td><td>SUS Kalkar<\/td><td>SV Bedburg-Hau<\/td><\/tr><tr><td>20.06.2025<\/td><td>Freitag<\/td><td>Turnier<\/td><td>SV Bedburg-Hau<\/td><\/tr><tr><td>01.07.2025<\/td><td>Dienstag<\/td><td>SV Bedburg-Hau<\/td><td>SV Keppeln<\/td><\/tr><tr><td>29.08.2025<\/td><td>Freitag<\/td><td>Spvgg Kessel<\/td><td>SV Bedburg-Hau<\/td><\/tr><tr><td>10.09.2025<\/td><td>Mittwoch<\/td><td>SSV Reichswalde<\/td><td>SV Bedburg-Hau<\/td><\/tr><tr><td>22.09.2025<\/td><td>Montag<\/td><td>SV Bedburg-Hau<\/td><td>SUS Kalkar<\/td><\/tr><tr><td>10.10.2025<\/td><td>Freitag<\/td><td>SV Bedburg-Hau<\/td><td>BV Kellen<\/td><\/tr><tr><td>21.11.2025<\/td><td>Freitag<\/td><td>SV Keppeln<\/td><td>SV Bedburg-Hau<\/td><\/tr><\/tbody><\/table><\/figure>\n\n\n\n<div class=\"wp-block-columns is-layout-flex wp-container-core-columns-is-layout-9d6595d7 wp-block-columns-is-layout-flex\">\n<div class=\"wp-block-column is-layout-flow wp-block-column-is-layout-flow\">\n<p>Kontakt Alte Herren:<\/p>\n<\/div>\n\n\n\n<div class=\"wp-block-column is-layout-flow wp-block-column-is-layout-flow\">\n<p>Obmann Alte Herren<br>Stefan Daams<br>E-Mail: <a href=\"mailto:stefan.daams@sv-b.de\">stefan.daams@sv-b.de<\/a><\/p>\n<\/div>\n<\/div>\n","protected":false},"excerpt":{"rendered":"<p>Auf unserer Sportanlage an der Antoniterstra\u00dfe stehen uns ein moderner Kunst- sowie ein Naturrasenplatz zum [&hellip;]<\/p>\n","protected":false},"author":11,"featured_media":0,"parent":0,"menu_order":0,"comment_status":"closed","ping_status":"closed","template":"","meta":{"footnotes":""},"class_list":["post-3338","page","type-page","status-publish","hentry"],"_links":{"self":[{"href":"https:\/\/www.sv-b.de\/index.php?rest_route=\/wp\/v2\/pages\/3338","targetHints":{"allow":["GET"]}}],"collection":[{"href":"https:\/\/www.sv-b.de\/index.php?rest_route=\/wp\/v2\/pages"}],"about":[{"href":"https:\/\/www.sv-b.de\/index.php?rest_route=\/wp\/v2\/types\/page"}],"author":[{"embeddable":true,"href":"https:\/\/www.sv-b.de\/index.php?rest_route=\/wp\/v2\/users\/11"}],"replies":[{"embeddable":true,"href":"https:\/\/www.sv-b.de\/index.php?rest_route=%2Fwp%2Fv2%2Fcomments&post=3338"}],"version-history":[{"count":7,"href":"https:\/\/www.sv-b.de\/index.php?rest_route=\/wp\/v2\/pages\/3338\/revisions"}],"predecessor-version":[{"id":4320,"href":"https:\/\/www.sv-b.de\/index.php?rest_route=\/wp\/v2\/pages\/3338\/revisions\/4320"}],"wp:attachment":[{"href":"https:\/\/www.sv-b.de\/index.php?rest_route=%2Fwp%2Fv2%2Fmedia&parent=3338"}],"curies":[{"name":"wp","href":"https:\/\/api.w.org\/{rel}","templated":true}]}}

Fußball Alte Herren

<p>Auf unserer Sportanlage an der Antoniterstraße stehen uns ein moderner Kunst- sowie ein Naturrasenplatz zum Trainings- und Spielbetrieb. Sollten die äußerlichen Bedingungen es gar nicht zulassen, kann in der Schulturnhalle der St. Markus GS in Schneppenbaum trainiert werden.</p>



<p>Die Alten Herren treffen sich üblicherweise 1 x in der Woche jeweils Dienstags um 19:00 zum Training. Des Weiteren messen wir uns in regelmäßigen Abständen mit benachbarten AH Mannschaften und auf AH Turnieren.</p>



<p>Neuerdings gibt es auch eine Ü50-Mannschaft, welche gegen Ü50-Mannschaften benachbarter Vereine auf dem Kleinfeld spielt.</p>



<p><strong>Spielkalender 2025</strong></p>



<figure class="wp-block-table"><table class="has-fixed-layout"><tbody><tr><td><strong>Datum</strong></td><td><strong>Wochentag</strong></td><td><strong>Heim</strong></td><td><strong>Auswärts</strong></td></tr><tr><td>12.03.2025</td><td>Mittwoch</td><td>SSV Reichswalde</td><td>SV Bedburg-Hau</td></tr><tr><td>11.04.2025</td><td>Freitag</td><td>Keeken</td><td>SV Bedburg-Hau</td></tr><tr><td>06.05.2025</td><td>Dienstag</td><td>Rheinwacht Erfgen</td><td>SV Bedburg-Hau</td></tr><tr><td>09.05.2025</td><td>Freitag</td><td>Turnier</td><td>SV Keppeln</td></tr><tr><td>23.05.2025</td><td>Freitag</td><td>SV Bedburg-Hau</td><td>Spvgg Kessel</td></tr><tr><td>04.06.2025</td><td>Mittwoch</td><td>SV Bedburg-Hau</td><td>SSV Reichswalde</td></tr><tr><td>16.06.2025</td><td>Montag</td><td>SUS Kalkar</td><td>SV Bedburg-Hau</td></tr><tr><td>20.06.2025</td><td>Freitag</td><td>Turnier</td><td>SV Bedburg-Hau</td></tr><tr><td>01.07.2025</td><td>Dienstag</td><td>SV Bedburg-Hau</td><td>SV Keppeln</td></tr><tr><td>29.08.2025</td><td>Freitag</td><td>Spvgg Kessel</td><td>SV Bedburg-Hau</td></tr><tr><td>10.09.2025</td><td>Mittwoch</td><td>SSV Reichswalde</td><td>SV Bedburg-Hau</td></tr><tr><td>22.09.2025</td><td>Montag</td><td>SV Bedburg-Hau</td><td>SUS Kalkar</td></tr><tr><td>10.10.2025</td><td>Freitag</td><td>SV Bedburg-Hau</td><td>BV Kellen</td></tr><tr><td>21.11.2025</td><td>Freitag</td><td>SV Keppeln</td><td>SV Bedburg-Hau</td></tr></tbody></table></figure>



<div class="wp-block-columns is-layout-flex wp-container-core-columns-is-layout-9d6595d7 wp-block-columns-is-layout-flex">
<div class="wp-block-column is-layout-flow wp-block-column-is-layout-flow">
<p>Kontakt Alte Herren:</p>
</div>



<div class="wp-block-column is-layout-flow wp-block-column-is-layout-flow">
<p>Obmann Alte Herren<br>Stefan Daams<br>E-Mail: <a href="mailto:stefan.daams@sv-b.de">stefan.daams@sv-b.de</a></p>
</div>
</div>

<p>Auf unserer Sportanlage an der Antoniterstraße stehen uns ein moderner Kunst- sowie ein Naturrasenplatz zum [&hellip;]</p>
