{"id":3310,"date":"2024-04-12T12:55:49","date_gmt":"2024-04-12T11:55:49","guid":{"rendered":"https:\/\/www.sv-b.de\/?page_id=3310"},"modified":"2026-04-03T12:24:03","modified_gmt":"2026-04-03T11:24:03","slug":"fussballsenioren-abteilung","status":"publish","type":"page","link":"https:\/\/www.sv-b.de\/?page_id=3310","title":{"rendered":"Fu\u00dfballsenioren"},"content":{"rendered":"\n<div class=\"wp-block-columns is-layout-flex wp-container-core-columns-is-layout-9d6595d7 wp-block-columns-is-layout-flex\">\n<div class=\"wp-block-column is-layout-flow wp-block-column-is-layout-flow\">\n<p>Kontakt Fu\u00dfball Senioren:<\/p>\n<\/div>\n\n\n\n<div class=\"wp-block-column is-layout-flow wp-block-column-is-layout-flow\">\n<p>Gesch\u00e4ftsf\u00fchrung Fu\u00dfballabteilung<\/p>\n\n\n\n<p>Sascha Wilmsen<br>Tel.: 02821\/973270<br>E-Mail:&nbsp;<a href=\"mailto:sascha.wilmsen@sv-b.de\">sascha.wilmsen@sv-b.de<\/a><\/p>\n\n\n\n<p>Josef Gossen<br>E-Mail: <a href=\"mailto:josef.gossen@sv-b.de\">josef.gossen@sv-b.de<\/a><\/p>\n<\/div>\n<\/div>\n\n\n\n<div class=\"wp-block-columns is-layout-flex wp-container-core-columns-is-layout-9d6595d7 wp-block-columns-is-layout-flex\">\n<div class=\"wp-block-column is-layout-flow wp-block-column-is-layout-flow\">\n<p>Trainer 1. Mannschaft<\/p>\n<\/div>\n\n\n\n<div class=\"wp-block-column is-layout-flow wp-block-column-is-layout-flow\">\n<p>Sascha Lousee <br>Tel.: +49 1578 9702667<br>Olrik Weber<br><\/p>\n<\/div>\n<\/div>\n\n\n\n<div class=\"wp-block-columns is-layout-flex wp-container-core-columns-is-layout-9d6595d7 wp-block-columns-is-layout-flex\">\n<div class=\"wp-block-column is-layout-flow wp-block-column-is-layout-flow\">\n<p>Trainer 2. Mannschaft<\/p>\n<\/div>\n\n\n\n<div class=\"wp-block-column is-layout-flow wp-block-column-is-layout-flow\">\n<p>Marcel Miesen<br>Dominik Mengel<br><\/p>\n<\/div>\n<\/div>\n\n\n\n<div class=\"wp-block-columns is-layout-flex wp-container-core-columns-is-layout-9d6595d7 wp-block-columns-is-layout-flex\">\n<div class=\"wp-block-column is-layout-flow wp-block-column-is-layout-flow\">\n<p>Trainer 3. Mannschaft<\/p>\n<\/div>\n\n\n\n<div class=\"wp-block-column is-layout-flow wp-block-column-is-layout-flow\">\n<p>Daniel Kramer<br>Tel.: +49 15170859418<\/p>\n<\/div>\n<\/div>\n\n\n\n<div class=\"wp-block-columns is-layout-flex wp-container-core-columns-is-layout-9d6595d7 wp-block-columns-is-layout-flex\">\n<div class=\"wp-block-column is-layout-flow wp-block-column-is-layout-flow\">\n<p>Trainingszeiten 1. und 2. Herrenmannschaft<\/p>\n<\/div>\n\n\n\n<div class=\"wp-block-column is-layout-flow wp-block-column-is-layout-flow\">\n<p>Dienstags von 19:00 &#8211; 20:45 <br>Freitags von 19:00 &#8211; 20:45<\/p>\n<\/div>\n<\/div>\n\n\n\n<div class=\"wp-block-columns is-layout-flex wp-container-core-columns-is-layout-9d6595d7 wp-block-columns-is-layout-flex\">\n<div class=\"wp-block-column is-layout-flow wp-block-column-is-layout-flow\">\n<p>Trainingszeiten 3. Herrenmannschaft<\/p>\n<\/div>\n\n\n\n<div class=\"wp-block-column is-layout-flow wp-block-column-is-layout-flow\">\n<p>Mittwochs von 19:00 &#8211; 20:30 Uhr<br>Freitags von 17:30 &#8211; 19:00 Uhr<\/p>\n<\/div>\n<\/div>\n\n\n\n<figure class=\"wp-block-image size-large is-resized\"><img loading=\"lazy\" decoding=\"async\" width=\"1024\" height=\"682\" src=\"https:\/\/www.sv-b.de\/wp-content\/uploads\/2024\/04\/Trainerteam-SVB-7434-1024x682.jpg\" alt=\"\" class=\"wp-image-3299\" style=\"width:840px;height:auto\" srcset=\"https:\/\/www.sv-b.de\/wp-content\/uploads\/2024\/04\/Trainerteam-SVB-7434-1024x682.jpg 1024w, https:\/\/www.sv-b.de\/wp-content\/uploads\/2024\/04\/Trainerteam-SVB-7434-300x200.jpg 300w, https:\/\/www.sv-b.de\/wp-content\/uploads\/2024\/04\/Trainerteam-SVB-7434-768x512.jpg 768w, https:\/\/www.sv-b.de\/wp-content\/uploads\/2024\/04\/Trainerteam-SVB-7434-1536x1024.jpg 1536w, https:\/\/www.sv-b.de\/wp-content\/uploads\/2024\/04\/Trainerteam-SVB-7434.jpg 2000w\" sizes=\"auto, (max-width: 1024px) 100vw, 1024px\" \/><figcaption class=\"wp-element-caption\">von links: Dominik Mengel, Marcel Miesen, Sascha Wilmsen, Josef Gossen, Sascha Lousee, Olrik Weber<br>https:\/\/instagram.com\/stuppix.fotografie<\/figcaption><\/figure>\n\n\n\n<figure class=\"wp-block-image size-full\"><img loading=\"lazy\" decoding=\"async\" width=\"2000\" height=\"1333\" src=\"https:\/\/www.sv-b.de\/wp-content\/uploads\/2024\/12\/Image.jpeg\" alt=\"1te Herren Saison 2024\/25\" class=\"wp-image-4173\" srcset=\"https:\/\/www.sv-b.de\/wp-content\/uploads\/2024\/12\/Image.jpeg 2000w, https:\/\/www.sv-b.de\/wp-content\/uploads\/2024\/12\/Image-300x200.jpeg 300w, https:\/\/www.sv-b.de\/wp-content\/uploads\/2024\/12\/Image-1024x682.jpeg 1024w, https:\/\/www.sv-b.de\/wp-content\/uploads\/2024\/12\/Image-768x512.jpeg 768w, https:\/\/www.sv-b.de\/wp-content\/uploads\/2024\/12\/Image-1536x1024.jpeg 1536w, https:\/\/www.sv-b.de\/wp-content\/uploads\/2024\/12\/Image-128x85.jpeg 128w, https:\/\/www.sv-b.de\/wp-content\/uploads\/2024\/12\/Image-32x21.jpeg 32w\" sizes=\"auto, (max-width: 2000px) 100vw, 2000px\" \/><figcaption class=\"wp-element-caption\">1. Mannschaft Saison 2025\/26 &#8211; Kreisliga B1<\/figcaption><\/figure>\n\n\n\n<figure class=\"wp-block-image size-large\"><img loading=\"lazy\" decoding=\"async\" width=\"1024\" height=\"682\" src=\"https:\/\/www.sv-b.de\/wp-content\/uploads\/2024\/12\/IMG_7708-1024x682.jpeg\" alt=\"2te Herren Saison 2024\/25\" class=\"wp-image-4174\" srcset=\"https:\/\/www.sv-b.de\/wp-content\/uploads\/2024\/12\/IMG_7708-1024x682.jpeg 1024w, https:\/\/www.sv-b.de\/wp-content\/uploads\/2024\/12\/IMG_7708-300x200.jpeg 300w, https:\/\/www.sv-b.de\/wp-content\/uploads\/2024\/12\/IMG_7708-768x512.jpeg 768w, https:\/\/www.sv-b.de\/wp-content\/uploads\/2024\/12\/IMG_7708-1536x1024.jpeg 1536w, https:\/\/www.sv-b.de\/wp-content\/uploads\/2024\/12\/IMG_7708-128x85.jpeg 128w, https:\/\/www.sv-b.de\/wp-content\/uploads\/2024\/12\/IMG_7708-32x21.jpeg 32w, https:\/\/www.sv-b.de\/wp-content\/uploads\/2024\/12\/IMG_7708.jpeg 2000w\" sizes=\"auto, (max-width: 1024px) 100vw, 1024px\" \/><figcaption class=\"wp-element-caption\">2. Herrenmannschaft Saison 2025\/26 &#8211; Kreisliga C1<\/figcaption><\/figure>\n\n\n\n<figure class=\"wp-block-image size-large\"><img loading=\"lazy\" decoding=\"async\" width=\"1024\" height=\"771\" src=\"https:\/\/www.sv-b.de\/wp-content\/uploads\/2025\/08\/6a1c9713-ed86-455c-a870-13c3413d0e4c-1024x771.jpeg\" alt=\"\" class=\"wp-image-4327\" srcset=\"https:\/\/www.sv-b.de\/wp-content\/uploads\/2025\/08\/6a1c9713-ed86-455c-a870-13c3413d0e4c-1024x771.jpeg 1024w, https:\/\/www.sv-b.de\/wp-content\/uploads\/2025\/08\/6a1c9713-ed86-455c-a870-13c3413d0e4c-300x226.jpeg 300w, https:\/\/www.sv-b.de\/wp-content\/uploads\/2025\/08\/6a1c9713-ed86-455c-a870-13c3413d0e4c-768x578.jpeg 768w, https:\/\/www.sv-b.de\/wp-content\/uploads\/2025\/08\/6a1c9713-ed86-455c-a870-13c3413d0e4c-1536x1157.jpeg 1536w, https:\/\/www.sv-b.de\/wp-content\/uploads\/2025\/08\/6a1c9713-ed86-455c-a870-13c3413d0e4c-128x96.jpeg 128w, https:\/\/www.sv-b.de\/wp-content\/uploads\/2025\/08\/6a1c9713-ed86-455c-a870-13c3413d0e4c-32x24.jpeg 32w, https:\/\/www.sv-b.de\/wp-content\/uploads\/2025\/08\/6a1c9713-ed86-455c-a870-13c3413d0e4c.jpeg 2040w\" sizes=\"auto, (max-width: 1024px) 100vw, 1024px\" \/><figcaption class=\"wp-element-caption\">3. Herrenmannschaft Saison 2025\/26 &#8211; Kreisliga C2<\/figcaption><\/figure>\n\n\n\n<h2 class=\"wp-block-heading has-text-align-center\">Unsere Unterst\u00fctzer<\/h2>\n\n\n\n<div class=\"wp-block-group is-vertical is-content-justification-center is-layout-flex wp-container-core-group-is-layout-4b2eccd6 wp-block-group-is-layout-flex\">\n<figure class=\"wp-block-table\"><table><tbody><tr><td class=\"has-text-align-center\" data-align=\"center\"><a href=\"https:\/\/www.google.de\/url?sa=t&amp;rct=j&amp;q=&amp;esrc=s&amp;source=web&amp;cd=&amp;cad=rja&amp;uact=8&amp;ved=2ahUKEwj2ndrkzLyFAxUD1wIHHbrnCAkQFnoECDQQAQ&amp;url=https%3A%2F%2Fwww.welling-fenster-tueren.de%2F&amp;usg=AOvVaw0MKzr5O99VFwiOkIirIIhG&amp;opi=89978449\"><img loading=\"lazy\" decoding=\"async\" width=\"150\" height=\"80\" class=\"wp-image-3328\" style=\"width: 150px;\" src=\"https:\/\/www.sv-b.de\/wp-content\/uploads\/2024\/04\/Welling_Fenster.jpg\" alt=\"\"><\/a><\/td><td class=\"has-text-align-center\" data-align=\"center\"><a href=\"https:\/\/www.google.de\/url?sa=t&amp;rct=j&amp;q=&amp;esrc=s&amp;source=web&amp;cd=&amp;cad=rja&amp;uact=8&amp;ved=2ahUKEwidia2JzbyFAxWr3AIHHS_xAwEQFnoECBcQAQ&amp;url=https%3A%2F%2Fagentur.lvm.de%2Fberger-wilmsen%2F1&amp;usg=AOvVaw1cnIteyhIfgpSuWCqW8rB3&amp;opi=89978449\"><img loading=\"lazy\" decoding=\"async\" width=\"150\" height=\"84\" class=\"wp-image-3324\" style=\"width: 150px;\" src=\"https:\/\/www.sv-b.de\/wp-content\/uploads\/2024\/04\/LVM_BergerWilmsen.jpg\" alt=\"\"><\/a><\/td><td class=\"has-text-align-center\" data-align=\"center\"><a href=\"https:\/\/www.helmus-geurtz.de\/\"><img loading=\"lazy\" decoding=\"async\" width=\"150\" height=\"49\" class=\"wp-image-3323\" style=\"width: 150px;\" src=\"https:\/\/www.sv-b.de\/wp-content\/uploads\/2024\/04\/HelmusGeurtz.png\" alt=\"\"><\/a><\/td><\/tr><tr><td class=\"has-text-align-center\" data-align=\"center\"><a href=\"https:\/\/www.swertz-bauzentrum.de\/hagebaumarkt\"><img loading=\"lazy\" decoding=\"async\" width=\"145\" height=\"32\" class=\"wp-image-3327\" style=\"width: 145px;\" src=\"https:\/\/www.sv-b.de\/wp-content\/uploads\/2024\/04\/Swertz_Baustoff.jpg\" alt=\"\"><\/a><\/td><td class=\"has-text-align-center\" data-align=\"center\"><a href=\"https:\/\/www.ihre-reiseplaner.de\/de\/kontakt-de\"><img loading=\"lazy\" decoding=\"async\" width=\"150\" height=\"51\" class=\"wp-image-3322\" style=\"width: 150px;\" src=\"https:\/\/www.sv-b.de\/wp-content\/uploads\/2024\/04\/Guenther_Bergmann_Reisen.jpg\" alt=\"\"><\/a><\/td><td class=\"has-text-align-center\" data-align=\"center\"><a href=\"https:\/\/geenen.de\/\"><img loading=\"lazy\" decoding=\"async\" width=\"150\" height=\"28\" class=\"wp-image-3321\" style=\"width: 150px;\" src=\"https:\/\/www.sv-b.de\/wp-content\/uploads\/2024\/04\/Geenen_Holz.jpg\" alt=\"\"><\/a><\/td><\/tr><tr><td class=\"has-text-align-center\" data-align=\"center\"><a href=\"https:\/\/www.google.de\/url?sa=t&amp;rct=j&amp;q=&amp;esrc=s&amp;source=web&amp;cd=&amp;cad=rja&amp;uact=8&amp;ved=2ahUKEwj4r8n_zLyFAxV83gIHHdwpCV4QFnoECDUQAQ&amp;url=https%3A%2F%2Fwww.fugerbetrieb-schoofs.de%2F&amp;usg=AOvVaw1eqZbrxR0fXHIizn1NDF9J&amp;opi=89978449\"><img loading=\"lazy\" decoding=\"async\" width=\"145\" height=\"119\" class=\"wp-image-3326\" style=\"width: 145px;\" src=\"https:\/\/www.sv-b.de\/wp-content\/uploads\/2024\/04\/Schoofs_Fugerbetrieb.jpg\" alt=\"\"><\/a><\/td><td class=\"has-text-align-center\" data-align=\"center\"><a href=\"http:\/\/www.osterkamp-metallbau.de\/\"><img loading=\"lazy\" decoding=\"async\" width=\"150\" height=\"55\" class=\"wp-image-3325\" style=\"width: 150px;\" src=\"https:\/\/www.sv-b.de\/wp-content\/uploads\/2024\/04\/Osterkamp_Metallbau.gif\" alt=\"\"><\/a><\/td><td class=\"has-text-align-center\" data-align=\"center\"><a href=\"https:\/\/www.dachdeckerei-zimmerei-boes.de\/\"><img loading=\"lazy\" decoding=\"async\" width=\"145\" height=\"61\" class=\"wp-image-3320\" style=\"width: 145px;\" src=\"https:\/\/www.sv-b.de\/wp-content\/uploads\/2024\/04\/Boes_Bedachung.jpg\" alt=\"\" srcset=\"https:\/\/www.sv-b.de\/wp-content\/uploads\/2024\/04\/Boes_Bedachung.jpg 145w, https:\/\/www.sv-b.de\/wp-content\/uploads\/2024\/04\/Boes_Bedachung-142x61.jpg 142w\" sizes=\"auto, (max-width: 145px) 100vw, 145px\" \/><\/a><\/td><\/tr><\/tbody><\/table><\/figure>\n<\/div>\n\n\n<div class=\"fussballde_widget include-fussball-de-widgets\"  data-id=\"06e59d60-7b52-43fb-9b49-bce581fac47f\"  data-type=\"table\"><\/div>\n\n\n<div class=\"fussballde_widget include-fussball-de-widgets\"  data-id=\"76b23aa0-cd0a-4e3d-bbcd-b14fac61d603\"  data-type=\"competition\"><\/div>\n","protected":false},"excerpt":{"rendered":"<p>Kontakt Fu\u00dfball Senioren: Gesch\u00e4ftsf\u00fchrung Fu\u00dfballabteilung Sascha WilmsenTel.: 02821\/973270E-Mail:&nbsp;sascha.wilmsen@sv-b.de Josef GossenE-Mail: josef.gossen@sv-b.de Trainer 1. Mannschaft Sascha [&hellip;]<\/p>\n","protected":false},"author":11,"featured_media":3167,"parent":0,"menu_order":0,"comment_status":"closed","ping_status":"closed","template":"","meta":{"footnotes":""},"class_list":["post-3310","page","type-page","status-publish","has-post-thumbnail","hentry"],"_links":{"self":[{"href":"https:\/\/www.sv-b.de\/index.php?rest_route=\/wp\/v2\/pages\/3310","targetHints":{"allow":["GET"]}}],"collection":[{"href":"https:\/\/www.sv-b.de\/index.php?rest_route=\/wp\/v2\/pages"}],"about":[{"href":"https:\/\/www.sv-b.de\/index.php?rest_route=\/wp\/v2\/types\/page"}],"author":[{"embeddable":true,"href":"https:\/\/www.sv-b.de\/index.php?rest_route=\/wp\/v2\/users\/11"}],"replies":[{"embeddable":true,"href":"https:\/\/www.sv-b.de\/index.php?rest_route=%2Fwp%2Fv2%2Fcomments&post=3310"}],"version-history":[{"count":20,"href":"https:\/\/www.sv-b.de\/index.php?rest_route=\/wp\/v2\/pages\/3310\/revisions"}],"predecessor-version":[{"id":4407,"href":"https:\/\/www.sv-b.de\/index.php?rest_route=\/wp\/v2\/pages\/3310\/revisions\/4407"}],"wp:featuredmedia":[{"embeddable":true,"href":"https:\/\/www.sv-b.de\/index.php?rest_route=\/wp\/v2\/media\/3167"}],"wp:attachment":[{"href":"https:\/\/www.sv-b.de\/index.php?rest_route=%2Fwp%2Fv2%2Fmedia&parent=3310"}],"curies":[{"name":"wp","href":"https:\/\/api.w.org\/{rel}","templated":true}]}}