{"id":2,"date":"2010-02-04T00:18:52","date_gmt":"2010-02-03T23:18:52","guid":{"rendered":"http:\/\/www.sv-b.de\/?page_id=2"},"modified":"2024-11-11T12:24:05","modified_gmt":"2024-11-11T11:24:05","slug":"eine-seite","status":"publish","type":"page","link":"https:\/\/www.sv-b.de\/?page_id=2","title":{"rendered":"Sportabteilungen"},"content":{"rendered":"\n<h2 class=\"wp-block-heading\"><strong>Vereinsanschrift<\/strong><\/h2>\n\n\n\n<p>SV 1923\/27 e. V. Bedburg-Hau<br>Antoniterstra\u00dfe 62, 47551 Bedburg-Hau<br>Internet: <a href=\"https:\/\/www.sv-b.de\">www.sv-b.de<\/a><\/p>\n\n\n<h4>K O N T A K T E \u00a0 D E R \u00a0 F A C H A B T E I L U N G E N \/ S E N I O R E N<\/h4>\n<p><strong>Gesch\u00e4ftsf\u00fchrer Fu\u00dfballabteilung<\/strong><\/p>\n<p>Sascha Wilmsen<br \/>Schwanenkamp 10, 47551 Bedburg-Hau<br \/>Mob.: 0171\/4127239<br \/>E-Mail:\u00a0<a href=\"mailto:sascha.wilmsen@sv-b.de\">sascha.wilmsen@sv-b.de<\/a><\/p>\n<p><strong>stellv. Gesch\u00e4ftsf\u00fchrer Fu\u00dfball<\/strong><br \/>Josef Gossen<br \/>E-Mail: <a href=\"mailto:josef.gossen@sv-b.de\">josef.gossen@sv-b.de<\/a><\/p>\n<p><strong>Tischtennisobmann<\/strong><br \/>Dirk Lenders<br \/>Rosenstra\u00dfe 8, 47551 Bedburg-Hau<br \/>E-Mail: <a href=\"mailto:dirklenders@online.de\">dirklenders@online.de<\/a><\/p>\n<p><strong>Ansprechpartner M\u00e4nnerturnen<\/strong><br \/>Walter Ooster<br \/>Dr.-Engels-Stra\u00dfe 25a, 47551 Bedburg-Hau<br \/>Tel.: 02821\/47929<br \/>E-Mail: <a href=\"mailto:Held-Ooster@t-online.de\">Held-Ooster@t-online.de<\/a><\/p>\n<p><strong>Ansprechpartner Mamafitness<br \/><\/strong>Birthe Coenjaerts<br \/>E-Mail: <a href=\"mailto:mamafitness@sv-b.de\">mamafitness@sv-b.de<\/a><\/p>\n<p><strong>Volleyballabteilungsleiterin<\/strong><br \/>Melina Petrachi<br \/>E-Mail: <a href=\"mailto:melina.petrachi@sv-b.de\">melina.petrachi@sv-b.de<\/a><\/p>\n<p><strong>Sozialwart<\/strong><br \/>n.n (<em>bitte an den Hauptkassierer Christoph M\u00f6llers wenden s.o.<\/em>)<br \/>E-Mail:<\/p>\n<h4>K O N T A K T E \u00a0 D E R \u00a0 F A C H A B T E I L U N G E N \/ J U G E N D<\/h4>\n<p><strong>Jugendobmann Fu\u00dfball<\/strong><br \/>Jochen Verrieth<br \/>Reindershof 29, 47551 Bedburg-Hau<br \/>Mob.: 0151\/56144187<br \/>E-Mail: <a href=\"verrieth@online.de\">verrieth@online.de<\/a><\/p>\n<p><strong>Stellv. Jugendobmann Fu\u00dfball<\/strong><br \/>Stefan Daams<br \/>E-Mail: <a href=\"mailto:stefan.daams@sv-b.de\">stefan.daams@sv-b.de<\/a><\/p>\n<p><strong>Volleyballjugendwartin<\/strong><br \/>Petra Stockhorst<br \/>Gutenbergstra\u00dfe 9, 47533 Kleve<br \/>Tel.: 02821\/9701277<br \/>E-Mail:<a href=\"mailto:petra.daute@web.de\">petra.daute@web.de<\/a><\/p>\n<p><strong>Tischtennisjugendwart<\/strong><br \/>Christian Verhoeven<br \/>Wiesenstra\u00dfe 29, 47533 Kleve<br \/>Mob.: 0160\/92210443<br \/>E-Mail: <a href=\"mailto:christian.verhoeven@sv-b.de\">christian.verhoeven@sv-b.de<\/a><\/p>\n<p><strong>Kinderturnen Ansprechpartner<\/strong><br \/>E-Mail: <a href=\"mailto:Kinderturnen@sv-b.de\">Kinderturnen@sv-b.de<\/a><\/p>","protected":false},"excerpt":{"rendered":"<p>Vereinsanschrift SV 1923\/27 e. V. Bedburg-HauAntoniterstra\u00dfe 62, 47551 Bedburg-HauInternet: www.sv-b.de K O N T A [&hellip;]<\/p>\n","protected":false},"author":1,"featured_media":0,"parent":0,"menu_order":0,"comment_status":"closed","ping_status":"open","template":"","meta":{"footnotes":""},"class_list":["post-2","page","type-page","status-publish","hentry"],"_links":{"self":[{"href":"https:\/\/www.sv-b.de\/index.php?rest_route=\/wp\/v2\/pages\/2","targetHints":{"allow":["GET"]}}],"collection":[{"href":"https:\/\/www.sv-b.de\/index.php?rest_route=\/wp\/v2\/pages"}],"about":[{"href":"https:\/\/www.sv-b.de\/index.php?rest_route=\/wp\/v2\/types\/page"}],"author":[{"embeddable":true,"href":"https:\/\/www.sv-b.de\/index.php?rest_route=\/wp\/v2\/users\/1"}],"replies":[{"embeddable":true,"href":"https:\/\/www.sv-b.de\/index.php?rest_route=%2Fwp%2Fv2%2Fcomments&post=2"}],"version-history":[{"count":119,"href":"https:\/\/www.sv-b.de\/index.php?rest_route=\/wp\/v2\/pages\/2\/revisions"}],"predecessor-version":[{"id":4142,"href":"https:\/\/www.sv-b.de\/index.php?rest_route=\/wp\/v2\/pages\/2\/revisions\/4142"}],"wp:attachment":[{"href":"https:\/\/www.sv-b.de\/index.php?rest_route=%2Fwp%2Fv2%2Fmedia&parent=2"}],"curies":[{"name":"wp","href":"https:\/\/api.w.org\/{rel}","templated":true}]}}

<h2 class="wp-block-heading"><strong>Vereinsanschrift</strong></h2>



<p>SV 1923/27 e. V. Bedburg-Hau<br>Antoniterstraße 62, 47551 Bedburg-Hau<br>Internet: <a href="https://www.sv-b.de">www.sv-b.de</a></p>


<h4>K O N T A K T E   D E R   F A C H A B T E I L U N G E N / S E N I O R E N</h4>
<p><strong>Geschäftsführer Fußballabteilung</strong></p>
<p>Sascha Wilmsen<br />Schwanenkamp 10, 47551 Bedburg-Hau<br />Mob.: 0171/4127239<br />E-Mail: <a href="mailto:sascha.wilmsen@sv-b.de">sascha.wilmsen@sv-b.de</a></p>
<p><strong>stellv. Geschäftsführer Fußball</strong><br />Josef Gossen<br />E-Mail: <a href="mailto:josef.gossen@sv-b.de">josef.gossen@sv-b.de</a></p>
<p><strong>Tischtennisobmann</strong><br />Dirk Lenders<br />Rosenstraße 8, 47551 Bedburg-Hau<br />E-Mail: <a href="mailto:dirklenders@online.de">dirklenders@online.de</a></p>
<p><strong>Ansprechpartner Männerturnen</strong><br />Walter Ooster<br />Dr.-Engels-Straße 25a, 47551 Bedburg-Hau<br />Tel.: 02821/47929<br />E-Mail: <a href="mailto:Held-Ooster@t-online.de">Held-Ooster@t-online.de</a></p>
<p><strong>Ansprechpartner Mamafitness<br /></strong>Birthe Coenjaerts<br />E-Mail: <a href="mailto:mamafitness@sv-b.de">mamafitness@sv-b.de</a></p>
<p><strong>Volleyballabteilungsleiterin</strong><br />Melina Petrachi<br />E-Mail: <a href="mailto:melina.petrachi@sv-b.de">melina.petrachi@sv-b.de</a></p>
<p><strong>Sozialwart</strong><br />n.n (<em>bitte an den Hauptkassierer Christoph Möllers wenden s.o.</em>)<br />E-Mail:</p>
<h4>K O N T A K T E   D E R   F A C H A B T E I L U N G E N / J U G E N D</h4>
<p><strong>Jugendobmann Fußball</strong><br />Jochen Verrieth<br />Reindershof 29, 47551 Bedburg-Hau<br />Mob.: 0151/56144187<br />E-Mail: <a href="verrieth@online.de">verrieth@online.de</a></p>
<p><strong>Stellv. Jugendobmann Fußball</strong><br />Stefan Daams<br />E-Mail: <a href="mailto:stefan.daams@sv-b.de">stefan.daams@sv-b.de</a></p>
<p><strong>Volleyballjugendwartin</strong><br />Petra Stockhorst<br />Gutenbergstraße 9, 47533 Kleve<br />Tel.: 02821/9701277<br />E-Mail:<a href="mailto:petra.daute@web.de">petra.daute@web.de</a></p>
<p><strong>Tischtennisjugendwart</strong><br />Christian Verhoeven<br />Wiesenstraße 29, 47533 Kleve<br />Mob.: 0160/92210443<br />E-Mail: <a href="mailto:christian.verhoeven@sv-b.de">christian.verhoeven@sv-b.de</a></p>
<p><strong>Kinderturnen Ansprechpartner</strong><br />E-Mail: <a href="mailto:Kinderturnen@sv-b.de">Kinderturnen@sv-b.de</a></p>

<p>Vereinsanschrift SV 1923/27 e. V. Bedburg-HauAntoniterstraße 62, 47551 Bedburg-HauInternet: www.sv-b.de K O N T A [&hellip;]</p>
